common divisor of 3672 and 114758568?
1224
Calculate the highest common factor of 3690 and 4798640.
410
Calculate the greatest common factor of 392 and 95407816.
56
What is the highest common factor of 480 and 138782820?
60
Calculate the highest common factor of 1210 and 1640610.
10
What is the highest common factor of 834102 and 23058162?
5598
Calculate the greatest common divisor of 1849185 and 462705.
1635
Calculate the highest common divisor of 1781630 and 190.
190
Calculate the greatest common factor of 16279340 and 3388.
3388
What is the highest common factor of 34876111 and 4724?
1181
What is the highest common factor of 184 and 52450925?
23
What is the highest common factor of 983814 and 8918?
26
What is the highest common divisor of 22274 and 157694?
74
What is the greatest common factor of 77883901 and 2186?
1093
What is the highest common divisor of 82823 and 287339?
299
Calculate the highest common divisor of 25802 and 335882.
38
Calculate the greatest common factor of 6174 and 51596622.
126
What is the greatest common divisor of 224543 and 10877?
149
What is the greatest common factor of 619731268 and 156?
52
Calculate the greatest common factor of 589 and 778131.
31
Calculate the greatest common divisor of 102 and 1704750.
6
Calculate the highest common divisor of 36425 and 4957325.
1175
Calculate the greatest common divisor of 2339233 and 2060.
103
What is the greatest common divisor of 36 and 52174953?
9
What is the highest common divisor of 693 and 15102549?
693
What is the greatest common divisor of 2954673 and 2619?
9
Calculate the highest common divisor of 14257 and 41817.
53
Calculate the highest common divisor of 46851 and 618.
3
What is the highest common factor of 177195056 and 8?
8
What is the highest common factor of 984 and 273007520?
328
What is the highest common divisor of 83 and 45166691?
83
Calculate the greatest common divisor of 4582017 and 22506.
1023
What is the greatest common factor of 1624445 and 95?
5
What is the highest common divisor of 16 and 58261?
1
Calculate the greatest common divisor of 1502930 and 2654080.
1430
Calculate the highest common divisor of 5121348 and 72.
12
Calculate the highest common divisor of 44 and 23444014.
22
Calculate the greatest common factor of 47302 and 115910.
134
Calculate the greatest common divisor of 3421130 and 695.
5
What is the highest common divisor of 35267571 and 68?
17
What is the greatest common factor of 64536352 and 544?
544
What is the highest common divisor of 1184697 and 27?
9
Calculate the highest common factor of 1757 and 9094624.
7
What is the highest common divisor of 737498808 and 2256?
1128
What is the greatest common factor of 273 and 64274847?
273
Calculate the greatest common factor of 333162 and 221662.
446
What is the greatest common divisor of 648 and 5161887?
81
Calculate the highest common divisor of 90644 and 476.
68
What is the greatest common factor of 670 and 9432595?
335
Calculate the highest common factor of 11271 and 3021954.
663
Calculate the highest common factor of 36 and 21550311.
9
Calculate the highest common divisor of 6624 and 457324272.
3312
Calculate the highest common factor of 450 and 20365920.
90
Calculate the greatest common factor of 195 and 16418649.
39
What is the highest common divisor of 2291 and 252853088?
2291
Calculate the highest common factor of 79574 and 1582394.
22
Calculate the highest common divisor of 29013050 and 34.
34
Calculate the greatest common factor of 24344 and 347976.
1432
Calculate the highest common factor of 145046 and 4313.
19
What is the highest common divisor of 56 and 18619321?
7
Calculate the highest common factor of 4828050 and 63.
9
What is the highest common divisor of 265737395 and 385?
385
Calculate the highest common factor of 13632 and 135042.
426
Calculate the highest common factor of 364 and 667951648.
364
What is the highest common divisor of 2573808 and 2451?
129
What is the highest common divisor of 2304025 and 515200?
575
What is the greatest common factor of 157476826 and 13352?
3338
Calculate the highest common factor of 29152 and 541952.
32
What is the highest common divisor of 1500 and 50135700?
300
Calculate the greatest common divisor of 28 and 114340996.
28
Calculate the highest common divisor of 63843 and 12.
3
Calculate the greatest common divisor of 96 and 3955236.
12
What is the highest common divisor of 175 and 72826775?
175
What is the greatest common divisor of 24 and 2779496?
8
What is the greatest common divisor of 143401875 and 60?
15
What is the highest common factor of 17 and 804798292?
17
Calculate the highest common factor of 391 and 229077125.
391
Calculate the greatest common factor of 4342 and 356435114.
334
What is the highest common factor of 15 and 76542?
3
What is the greatest common factor of 110 and 4637510?
10
What is the highest common divisor of 2458935 and 405450?
2385
What is the highest common factor of 385 and 21938455?
385
What is the greatest common divisor of 38909 and 598559?
533
Calculate the greatest common divisor of 556 and 29919194.
278
Calculate the highest common factor of 1991007 and 49825.
1993
What is the greatest common factor of 256 and 53940160?
64
What is the greatest common divisor of 110 and 201867919?
11
What is the greatest common factor of 410 and 5908715?
205
What is the highest common factor of 1270966770 and 90?
90
What is the greatest common factor of 9683010 and 9?
9
Calculate the greatest common factor of 21388598 and 2156.
1078
What is the greatest common divisor of 1338 and 7398917?
223
What is the greatest common factor of 400 and 1252976?
16
What is the greatest common factor of 1197 and 50236?
19
Calculate the greatest common factor of 207 and 1893996.
9
What is the greatest common factor of 10788451 and 13213?
73
Calculate the greatest common factor of 168986657 and 4809.
1603
Calculate the greatest common factor of 708 and 16677294.
354
Calculate the greatest common divisor of 188574 and 742.
106
What is the greatest common factor of 50448 and 885993?
3153
What is the greatest common factor of 194 and 127564?
2
What is the greatest common factor of 904683 and 8892?
39
Calculate the greatest common divisor of 1836 and 101876427.
459
What is the greatest common divisor of 1824276 and 5664?
12
What is the highest common factor of 2 and 843422?
2
What is the greatest common divisor of 4361 and 2400419?
623
Calculate the greatest common factor of 227466238 and 337.
337
Calculate the greatest common divisor of 27455 and 105355.
95
What is the greatest common divisor of 23491152 and 576?
144
What is the greatest common divisor of 3609864 and 130744?
2216
Calculate the greatest common divisor of 80 and 12935060.
20
What is the highest common divisor of 275 and 24537260?
55
What is the highest common divisor of 337168930 and 2517?
839
Calculate the greatest common factor of 20242 and 40646634.
698
Calculate the greatest common factor of 2023 and 1287461.
119
What is the greatest common factor of 431 and 434195434?
431
Calculate the highest common divisor of 1516414 and 21412.
202
What is the greatest common divisor of 334665 and 54?
27
Calculate the highest common divisor of 8165 and 10011440.
115
What is the greatest common divisor of 102089218 and 28?
14
What is the greatest common factor of 2810 and 17080585?
1405
What is the greatest common divisor of 225617 and 4338061?
1351
What is the highest common factor of 103857 and 9555?
39
What is the highest common divisor of 26496 and 2946392?
184
What is the highest common factor of 1179006725 and 50375?
10075
What is the highest common divisor of 28 and 617250809?
7
Calculate the greatest common divisor of 3269319 and 12359.
727
Calculate the greatest common factor of 29200 and 4024400.
400
Calculate the highest common factor of 144 and 28522224.
144
What is the highest common divisor of 3728 and 212456?
8
What is the greatest common factor of 76 and 41239728?
76
What is the greatest common factor of 8414 and 79537542?
8414
Calculate the greatest common divisor of 4842 and 133074.
18
Calculate the greatest common factor of 28460 and 3291399.
1423
Calculate the highest common factor of 3042706 and 2044006.
6658
What is the highest common divisor of 24743124 